divided by u.
1
Let v = 112 - 55. What is the remainder when v is divided by 36?
21
Let n be (-1 + 3 + -1)*-34. Let o = n - -74. Let r = 339 - 318. Calculate the remainder when o is divided by r.
19
Let s(v) = 15 - v**2 - 12*v - 1 - 3. Let w be (-9 - 0/(-1)) + -3. Calculate the remainder when 31 is divided by s(w).
9
Suppose -2*k - 5*i + 172 = 0, -3*k - 11*i = -16*i - 258. What is the remainder when k is divided by 51?
35
Suppose -f - 3 = -0*f, -f = -5*q - 67. Let j = q + 42. Calculate the remainder when 81 is divided by j.
25
Let g be (20/(-3))/(-1*8/(-36)). What is the remainder when (-680)/g*(15/(-2))/(-5) is divided by 7?
6
Suppose w + s + 3*s + 22 = 0, -5*s - 19 = -3*w. Calculate the remainder when w + -1*(-29)/1 is divided by (8/10)/(18/315).
13
Let f(s) = 13*s + 75. Calculate the remainder when 224 is divided by f(0).
74
Let o = -2 - -4. Suppose 3*w = 4 + o. Suppose -w*i + 0*c = -c - 123, -5*c + 15 = 0. What is the remainder when i is divided by 17?
12
Suppose -11*t + 465 - 36 = 0. What is the remainder when 193 is divided by t?
37
Let b(x) = -x**3 - 4*x**2 - 3. Let w be (2/3)/(((-112)/(-105))/(-8)). What is the remainder when 82 is divided by b(w)?
16
Suppose 0 = -4*k + 16, k - 14 = n - 18. What is the remainder when 45 is divided by n?
5
Let d(f) = 2*f**3 + 2*f**2 - f + 2. Suppose -z - 9 = -0*u + 4*u, u + 5 = -3*z. Let g be d(u). What is the remainder when 38 is divided by 35/2*g/(-5)?
10
Let w(p) = p**3 - 3*p**2 - 7*p + 6. What is the remainder when 77 is divided by w(5)?
14
Let q(r) be the second derivative of 109*r**5/20 - r**4/12 + r**3/2 - 3*r**2/2 - 21*r. What is the remainder when q(1) is divided by 37?
34
Suppose -25 - 96 = -5*o - 3*z, -3*o = -z - 81. Let t = o - 21. Calculate the remainder when t is divided by 3.
2
Let d = -420 + 594. What is the remainder when d is divided by 59?
56
Let v(b) = b**2 + 15*b - 4. Let u be v(-13). Suppose -p + 3*i + 32 = 0, p + 3*i = 6*p - 148. What is the remainder when p is divided by (8/(-6))/(4/u)?
9
Suppose 2*m + 4*y + 8 = 0, -2*m = 2*m - 3*y - 17. Suppose -3*z + 22 + m = 0. Calculate the remainder when z is divided by 3.
2
Let y be 182 - (-4 - (2 - 2)). Suppose 4*t - 134 - y = 0. Let w = t - 47. Calculate the remainder when w is divided by 17.
16
Calculate the remainder when 190 - (15/(-6))/((-12)/(-24)) is divided by 14.
13
Let t = -35 + 41. Suppose 4 = p - y, -2*p + 2 = -4*y - t. Calculate the remainder when -1 + (-79)/(-1) - p is divided by 19.
17
Let b(j) = -j**3 - 2*j**2 + j + 10. What is the remainder when 227 is divided by b(-4)?
37
Let f = -1817 + 2537. What is the remainder when f is divided by 120?
0
Suppose -19*h + 159 = -12. Calculate the remainder when h is divided by 1 + -1 + 0 + 5.
4
Suppose -15 = -3*n, 5*q + 5*n - 126 = 49. Suppose 4*c - 25 = -5*p, q = 5*p - 0*c + 3*c. Let j = 17 - 1. What is the remainder when j is divided by p?
7
Let v = 1 + -3. Let m = v + 36. Suppose 1850 = o + 1841. Calculate the remainder when m is divided by o.
7
Let u = -76 + 72. What is the remainder when 96 is divided by (396/15)/(-4)*(u - 1)?
30
Let y = -520 - -564. Calculate the remainder when 657 is divided by y.
41
Let r(g) = 2*g**3 - 2*g**2 - 3*g + 3. Let s be r(2). Let y(f) = 4*f + 7. Calculate the remainder when y(s) is divided by 7.
6
Calculate the remainder when 249 - -3*5/15*-3 is divided by 13.
12
Let s be 5/((-10)/6) + 6. Let c(h) = 4*h**3 + h**2 - 2*h. What is the remainder when c(s) is divided by 28?
27
Let w = -113 - -123. Let q(p) = p**2 + p - 2. Let m be q(2). Let a(g) = g**3 - 3*g**2 - 4*g + 4. Calculate the remainder when w is divided by a(m).
2
Let o = 63 - 50. Calculate the remainder when 47 is divided by o.
8
Let s(a) = -a**3 - 13*a**2 - 10*a - 53. What is the remainder when s(-13) is divided by 16?
13
Suppose 2*q + 21*v = 19*v + 218, -324 = -3*q - 4*v. Calculate the remainder when 400 is divided by q.
64
Let a(i) = -9*i**3. Let h be 3 + 49/(-21) - 38/3. Let r(c) = -c**3 - 14*c**2 - 25*c - 9. What is the remainder when a(-1) is divided by r(h)?
0
Suppose -2*m = -13*m + 1089. Calculate the remainder when m is divided by 17.
14
Suppose -34*v = 24*v - 232. Calculate the remainder when -2 - 4*(-21)/6 is divided by v.
0
Suppose -5*a + 29 = -141. Let f = -9 + a. Let m = 47 + -34. Calculate the remainder when f is divided by m.
12
Let t be (-18)/(-12)*(-196)/3. Let p = t - -169. What is the remainder when p is divided by 37?
34
Suppose -2*i + 224 = 2*f, 228 = 2*i + 6*f - 3*f. Calculate the remainder when i is divided by 10.
8
Let l be (-2828)/(-84) - (-1 - (-2)/3). Suppose b = -c + 14, -c = 6*b - b - l. Calculate the remainder when 87 is divided by c.
6
Let h(o) = 12*o**2 + 2*o + 101. What is the remainder when h(0) is divided by 53?
48
Suppose n + 2 = 2*l, -2*n = 3*l + 3 - 13. Let s = 1 - -3. Calculate the remainder when s is divided by n.
0
Suppose 3*p = 2*h + 8, -10 = -5*p + 10. Suppose 0*l + 2*j + 276 = 5*l, 4*l = -h*j + 210. What is the remainder when l is divided by 14?
12
Let q(c) = -c**3 + 5*c**2 - c + 5. Let l be q(5). Suppose l = -39*r + 41*r - 48. What is the remainder when 47 is divided by r?
23
Suppose -i = -u - 5*i + 62, -u + 70 = -4*i. What is the remainder when 590 is divided by u?
62
Suppose -4 = n + 3*f - 3, 0 = f. Let v be -1*(n + 3) - -10. Let p(b) = b**2 - 9*b + 9. Calculate the remainder when 3 is divided by p(v).
0
Suppose 442 = 3*b + 5*v, -5*b - 3*v + 409 = -333. Calculate the remainder when b is divided by 41.
26
Let d(p) = -9*p. Let n be d(1). Let t be (-6)/n*(-9)/(-2). Calculate the remainder when 40 is divided by (-22)/(-4)*(-1 + t).
7
Suppose 0 = 2*o + 3*w - 430, 7*o + 3*w = 6*o + 221. Calculate the remainder when o is divided by 15.
14
Suppose -3*u - n = -49, 0*n - 11 = -u + n. Suppose -u + 20 = t. What is the remainder when 11 is divided by t?
1
Let r = -72 - -87. What is the remainder when 298 is divided by r?
13
Let x = 36 + 19. Suppose v = -3*h + x, v - 52 + 15 = -2*h. What is the remainder when 34 is divided by h?
16
Let d(i) = 2*i - 8. Let w be d(5). Suppose z - w = 32. Calculate the remainder when 133 is divided by z.
31
Suppose k - 4*i - 44 = 0, -42 = -2*k + k + 3*i. Let n(v) = -26*v - 909. What is the remainder when k is divided by n(-36)?
9
Let c be (-3)/(-6)*0 + 8 + -4. Suppose 5*x - 427 = 2*l - 3*l, c*x - 4*l = 332. Calculate the remainder when x is divided by 22.
19
Let y be ((-1)/(2/4))/(-1). Let i(u) = 3*u**2 + 20*u - 93. What is the remainder when 2/(-4)*-19*y is divided by i(-10)?
5
Let n = -54 + 27. Let q = n - -48. Calculate the remainder when q is divided by 7.
0
Let g = -11504 + 11522. Let i(b) = b**3 + 3*b**2 - 4*b - 2. Calculate the remainder when g is divided by i(-3).
8
Let w be (0/3)/(-1) - 8. Let n(g) = -g + 15. Calculate the remainder when n(w) is divided by 13.
10
Suppose -g = -n, -4*n + 0*g = -g - 6. Suppose -n*q + 11*q - 540 = 0. What is the remainder when q is divided by 9?
6
Let u(f) = f**2 + 2*f - 3. Let m be u(-4). Let q(w) = 2*w**3 - 4*w**2 - w. What is the remainder when q(m) is divided by 37?
34
Suppose 0*b = 2*b - 8. Suppose b*h - 29 = 3. Suppose 0 = 4*q - 3*f - 23, -4*q + 7*q + f = 14. Calculate the remainder when h is divided by q.
3
Suppose -5*k - 8 = -63. What is the remainder when 87 is divided by k/(3/2 - 1)?
21
Suppose -633 = -5*w - m, 7*w - 2*m - 120 = 6*w. Calculate the remainder when w is divided by 14.
0
Let u = 454 - 432. Let y = 3 - 3. Suppose -3*b + 2*b + 4*z = -62, 2*b + 3*z - 69 = y. What is the remainder when b is divided by u?
20
Suppose 0*u + 5*u = 95. Let k be 2/7 + (3452/(-28) - 4). Let d = k - -183. Calculate the remainder when d is divided by u.
18
Let r(g) = g**3 - 4*g**2 - 2*g - 2. Let a be r(5). Suppose a = 5*s + y - 30, 0 = 4*s - 4*y - 44. Calculate the remainder when 71 is divided by s.
8
What is the remainder when 2/(-3*2/(-297)) is divided by (-2600)/(-152) - 4/38?
14
Suppose 5*m = 31*h - 34*h + 1799, -4*h - 8 = 0. Calculate the remainder when m is divided by 14.
11
Suppose -4*o + 18 = -2. Calculate the remainder when (-5*(-44)/40 - 5)*18 is divided by o.
4
Let w be 148/(-12) - 1/(-3). Let x be -4*w/8*-14. Let f = x - -131. What is the remainder when f is divided by 17?
13
Let d(n) = -n**2 - n + 1. Let r(l) = 8*l - 7. Let i(a) = d(a) + r(a). Let c be i(8). Calculate the remainder 